 3 = 0. Give m(r).
25
Let x(u) = -7*u**2 + 22*u - 94. Let j(d) = 24*d**2 - 67*d + 280. Let k(m) = -2*j(m) - 7*x(m). Calculate k(9).
-1
Suppose 8*s - 690 = -83*s - 24*s. Let x(i) = 17*i - 10. What is x(s)?
92
Let r(g) = -9*g + 114. Let i(q) = 7*q - 147. Let j(p) = -3*i(p) - 4*r(p). Determine j(1).
0
Let b = 25 + -22. Let h be 16 - (1 + -1 + b). Let p = h + -7. Let g(j) = -j**3 + 5*j**2 + 8*j - 6. Give g(p).
6
Let z(c) = -c**2 + 19*c - 11. Suppose -x - 37*y + 36*y = -26, -68 = -2*x - 4*y. What is z(x)?
7
Let l = 516 + -511. Suppose -5*r = 3*g + 13, -2*r - 18 = -7*g + l*g. Let d(w) = -w**2 + 3*w - 2. Determine d(g).
-6
Suppose -3*i = 3*x + 27, 0*i = -3*x + i - 39. Let j = 8 + x. Let m be 0/(j + 9) + 3. Let d(v) = v**2 - 4*v + 2. Calculate d(m).
-1
Let m(c) = 5*c - 7*c - c**2 + 6 - 3. Let k be m(2). Let a(d) be the first derivative of -d**2/2 + 3*d + 53. Give a(k).
8
Let c(x) = -x**2 - 2*x + 2. Suppose -32*m - 5460 = -19*m. Let z = m + 420. Give c(z).
2
Let w(d) = -33*d**3 + d + 1. Suppose -5*a = -i + 24, -a = 25*i - 30*i. What is w(i)?
33
Let j(p) = -p**3 - 15*p**2 + p + 30. Let x = -2 + -13. Let u be j(x). Let k(d) = -176*d - 1 + u*d**3 + 89*d + 88*d - d**2. Give k(1).
14
Let a(m) = -m**3 + 38*m**2 + 34*m + 197. Suppose 16926 = 546*g - 112*g. Determine a(g).
2
Let g(l) = -268 - 7*l**2 + 292 + l**3 + 22*l**2 + 14*l - 3*l**2. What is g(-11)?
-9
Let h(v) = 34*v**3 - 145*v**2 + 112*v + 432. Let p(w) = -3*w**3 + 13*w**2 - 10*w - 39. Let u(c) = -2*h(c) - 23*p(c). Determine u(8).
17
Let s(r) = 2*r**2 - 4*r - 1. Let y(z) = z**3 - 5*z**2 - 6*z + 9. Let o be y(7). Suppose a + o = -4*h - 15, a = h - 70. Let g = -69 - a. Calculate s(g).
5
Let a(v) = v**3 - 9*v**2 + 5*v - 1. Let r be a(3). Let p be (-11)/(-2) - (-60)/r. Let z(w) = -1 - 5 + 3*w + w. What is z(p)?
10
Let y(o) = 4*o + 1. Let z = 15 - -48. Suppose 67*f + 16 = z*f. What is y(f)?
-15
Let p(j) = 6*j + 17. Let c = 432 + -435. Let r(y) = 4*y + 16. Let w(t) = c*p(t) + 4*r(t). Give w(15).
-17
Let i(g) = g**2 - 16*g + 36. Let l(o) = 5*o**2 + 161*o + 45. Let u be l(-32). Give i(u).
-3
Let s(d) be the second derivative of 0 + 1/6*d**3 - 65*d + d**2. What is s(8)?
10
Let t(c) be the third derivative of c**5/30 + c**4/12 - c**3/6 - c**2. Let h be 45/(-18)*(1 - (-2 - 1)). Let v be 2/(-8)*(9 + h)*4. Give t(v).
3
Let a(h) be the second derivative of h**6/720 - h**5/20 + 77*h**4/6 + 305*h. Let i(x) be the third derivative of a(x). Let u = -15 + 22. Determine i(u).
1
Let o = 9709 - 9693. Let k(c) = -c**3 + 16*c**2 - 3*c + 26. Calculate k(o).
-22
Let j = -150 + 176. Let w(t) = 20 + 23 - j*t - 44. Give w(-1).
25
Let m(t) = -6*t**2 - t + 1. Let o be (-11)/((-100)/240 - (-2)/3). Let b = -20 + 65. Let d = b + o. Give m(d).
-6
Let s(h) = -81*h - 2 + 70*h + 4. Let l be -1 + -3 - (-35)/5. Determine s(l).
-31
Let q(t) = -4*t - 22. Let b be q(-9). Let w be (-1 + 1)*7/b. Suppose 7*i - 20 - 8 = w. Let z(c) = c**2 - 8*c + 2. Give z(i).
-14
Let l = -14359 + 14389. Let c(k) = -18*k + 544. What is c(l)?
4
Let x(v) = 2*v**2 + 2. Suppose -12 = -55*r + 53*r. Let g(t) = -13*t**2 + 7*t - 21. Let p(z) = r*x(z) + g(z). What is p(5)?
1
Let l(u) be the third derivative of -u**5/20 + 17*u**4/24 + 14*u**3/3 - 3*u**2 - 2*u + 57. What is l(-2)?
-18
Let x(c) = 121*c + 2 + 0 - 2 - 119*c - 3. Let w(u) be the second derivative of -u**4/12 + 5*u**3/6 + 2*u**2 + 6*u. Let o be w(5). What is x(o)?
5
Let y(q) = 4*q + 4. Let h = -43 - -36. Let x(m) = m**3 + 9*m**2 + 15*m + 12. Let u be x(h). Suppose -u*i - 2*c - 30 = 0, -4*i - c = -5 + 26. What is y(i)?
-12
Let u(f) = 4*f + 1. Let a(l) = l**2 + 5*l + 2. Let k(i) = -2*a(i) + 3*u(i). Suppose 11*q + 3*q - 252 = 0. Suppose -q*g = -69 + 33. Determine k(g).
-5
Let d(j) = 3*j + 17. Let m be d(-5). Suppose -m*l = 22 + 24. Let b = l + 18. Let h(c) = -c**2 - 6*c - 1. Give h(b).
4
Let c(u) = -9*u - 17. Let k be c(-9). Let p = k - 62. Let q(l) = 1 + p*l - l + 5 + 2. Determine q(-9).
-1
Let z(d) = -2*d**3 + 4 + d**3 - 7*d**2 - 8 - 2*d + 2. Let t(u) = u**3 + 5*u**2 - 23*u + 21. Let k be t(-8). Suppose k*v + 8*v + 147 = 0. Give z(v).
12
Suppose 5*g = 25 - 10. Let f(z) = -2. Suppose 0 = -17*v + 21*v + 8, -4*q = 5*v + 14. Let i(u) = -4*u + 2. Let p(m) = q*f(m) + i(m). Give p(g).
-8
Let j(w) = -w**2 - 168*w + 865. Let n be j(5). Let p(h) = -h**2 + 2*h - 4. Determine p(n).
-4
Let w(m) = 48*m**3 - m**2 + m + 1. Let s be ((-114)/24 + 4)/((-4)/48). Suppose 4 = -a, -2*a - 9 = -8*f + s*f. Calculate w(f).
-49
Let p be (2*-1)/(-17*(-6)/204). Let u(j) = -j**3 - 5*j**2 - 1. Determine u(p).
-17
Let m(a) = -a**2 - 196*a + 798. Let k be m(4). Let x(g) = 24*g**2 - 7*g - 9. What is x(k)?
101
Let a(f) be the first derivative of -f**3/3 - 2*f**2 - f + 3. Let j(d) = d + 2. Let c be j(9). Suppose 4*o - 2 = -2*x, -9*o = -c*o + x - 9. Calculate a(o).
3
Let u(t) = -11*t + 11. Let p = -13149 - -13151. What is u(p)?
-11
Let t(l) = -49*l**2 + 8 - 169*l + 25*l**2 + 98*l + 27*l**2. What is t(23)?
-38
Let w(h) = h**3 - 8*h**2 + 5*h + 7. Let o be 15*(-3 - -5)/2. Suppose 43 = 5*t + a + 3, o = 5*t - 4*a. Calculate w(t).
-7
Let t(m) = m**3 - 11*m**2 + 25*m - 4. Let i be 14 + ((-72)/10 - ((-390)/(-50) + -9)). Give t(i).
4
Let f(n) be the first derivative of -4 + 7*n - 3/2*n**2. Give f(-6).
25
Let a(u) = 3*u**2 + 19*u + 42. Let i(q) = 7*q**2 + 54*q + 85. Let s(l) = -5*a(l) + 2*i(l). Determine s(8).
0
Let t(u) = -4*u + 71. Let y(g) = -19*g**3 + 2*g**2 + 7*g + 4. Let p be y(-1). Let o be t(p). Let x(w) = -5*w**2 - 2*w - 1. Determine x(o).
-4
Let v(r) = 5*r**3 + 39*r**2 - 51*r + 9. Let p(k) = -7*k**3 - 57*k**2 + 76*k - 14. Let h(i) = -7*p(i) - 10*v(i). What is h(6)?
-16
Let c(d) = d**3 + 6*d**2 - 2*d - 9. Suppose 2*u - 6 = 0, 4*u + 7 = 5*a - 6. Suppose -a*z = -t + 6 + 15, -2*z + 114 = 3*t. Let r = -42 + t. What is c(r)?
3
Let g(f) = -32*f + 254. Let x be g(8). Let j(n) = 2*n - 7. Let a(d) = 2*d - 1 - 1 - 3*d + 3. Let z(b) = 3*a(b) + j(b). What is z(x)?
-2
Let f(n) = 149*n + 153*n + 148*n - 444*n + 46. Determine f(-13).
-32
Suppose 0*j - 40 = -2*j - 4*r, -5*r = 3*j - 63. Let w(f) = 8*f - 200. What is w(j)?
8
Let c be (1 + 2)/3 + -11 + 5. Let f = 17 + -12. Let o(x) = -2*x + 1 + 6 - f + 1. Give o(c).
13
Let j = 202 + -29. Let o = 181 - j. Let p(c) = c**3 - 8*c**2 - 3*c + 7. Determine p(o).
-17
Let h(b) = b**3 - 6*b**2 - 8*b + 26. Suppose 2*g = -52*s + 53*s + 14, -2*s = g - 2. What is h(g)?
-22
Suppose 25*k - 8*k = 629. Suppose -5*p - k = -32. Let a(t) = 10*t**3 - 2*t. Let g(q) = 1. Let y(i) = -a(i) + g(i). What is y(p)?
9
Let m(h) = 3*h**2 + 47*h - 17. Let v be m(-16). Let q(u) = -u**2 + 2*u. Let o(k) = -4*k**2 + 13. Let r(j) = v*o(j) + 3*q(j). Determine r(-8).
3
Let f(m) be the first derivative of -2*m**2 - 6*m + 373. Let k = -212 + 206. Determine f(k).
18
Let o(d) = -d. Let n(y) = -3*y**2 - 2*y + 1. Suppose w + 60 + 5 = 0. Let t = w + 66. Let q(b) = t*n(b) - 3*o(b). What is q(-2)?
-13
Let g(s) be the first derivative of -s**4/4 + 5*s**2 - 30*s + 1828. Give g(4).
-54
Let u(m) = -5*m + 4. Let r(y) = -7*y - 60. Let b be r(-10). Suppose -2*v + b = 2*k, -47*k + 48*k + 2 = 0. What is u(v)?
-31
Let z = -325 + 323. Let s be 9*z*(-3)/9. Let y(n) = n - 4. Calculate y(s).
2
Let u(s) = -8*s - 3*s - 2*s**3 + 13*s - 21*s**2 - 9 - 20*s**2 + 32*s**2. What is u(-5)?
6
Suppose 0 = -0*q + 4*q - 20. Let m(c) = -c**2 + 4*c + 7. Let i be m(q). Let f(h) = -85*h - 6 + 4*h**3 - 3*h**3 + 7*h**i + 76*h. Calculate f(-8).
2
Let n(s) = -s**3 + 15*s**2 + 11*s + 85. Let v be n(16). Let i(b) = v*b - 48*b**2 - 10*b**3 + 9*b**3 - 6 + 53*b**2. Calculate i(5).
19
Suppose -19 = -23*o - 65 - 23. Let v(d) = -d**3 + 3*d - 2. Calculate v(o).
16
Let i(s) be the second derivative of -65*s**4/6 - 2*s**3/3 - 3*s**2/2 + 2*s - 886. Determine i(-1).
-129
Let r(k) = k**2 - 3. Let g(c) = c**3 + 6*c**2 + 7*c - 1. Let t be g(-4). Let h be -2 - -2 - (-2 - t). Suppose -v = v - 5*f - 20, -h*v = -4*f - 16. What is r(v)?
-3
Let j(o) be the first derivative of -o**4/4 - 28*o**3/3 + 29*o**2 - 65*o - 2564. Determine j(-30).
-5
Let l(w) = -w**3 - 2*w**2 + 2*w + 3. Let n(q) = -q**2 - 4*q + 3. Suppose 32*i - 10 = 34*i. Let m be n(i). Determine l(m).
-1
Let l = 44 + -42. Suppose -4*j - l*w = -w - 54, -5*w = -j + 3. Suppose -1 = 7*u + j. Let o(g) = -2*g - 1. What is o(u)?
3
Let t(p) = -p**3 - 3*p**2 + 2*p + 4. Let 